{"id":15169,"date":"2021-09-28T14:19:55","date_gmt":"2021-09-28T13:19:55","guid":{"rendered":"https:\/\/www.janinebeangallery.com\/en\/?page_id=15169"},"modified":"2022-01-12T13:14:45","modified_gmt":"2022-01-12T12:14:45","slug":"petra-rintelen-in-the-salon","status":"publish","type":"page","link":"https:\/\/www.janinebeangallery.com\/en\/?page_id=15169","title":{"rendered":"Petra Rintelen in the Salon"},"content":{"rendered":"<p>Petra&nbsp; Rintelen<\/p>\n<div class=\"entry-content\">solo exhibition at janinebeangallery Salon, November 22nd 2021 \u2013 February 24th 2022\n<p>&nbsp;<\/p>\n<h4>opening reception (2G) November 19th 6 &#8211; 9pm&nbsp; Uhr<\/h4>\n<h6>you may virtually visit the solo exhibition of Maxwell Dunlop as well as our Salon with paintings of Petra Rintelen as a Preview:<\/h6>\n<p><iframe loading=\"lazy\" src=\"https:\/\/janinebeangallery.com\/video\/Tour_Max-Petra\/Tour_Max-Petra.html\" allowfullscreen=\"allowfullscreen\" width=\"853\" height=\"480\" frameborder=\"0\"><\/iframe><\/p>\n<p>&nbsp;<\/p>\n<\/div>\n<p>Petra Rintelen was born in 1969 and studied from 1993 to 1997 at the art academy in Enschede in the Netherlands.<br>She took part in exhibitions in the Netherlands until 1998, including the Noorderzon Performing Arts Festival in Groningen.<br>In the 2000s she showed her work at various exhibitions and Project participation in the Cologne-Bonn area, including with Circus Roncalli in Cologne, in the Uniclub Bonn, in Kurf\u00fcrstlichen G\u00e4rtnerhaus (Bonn) and in the KHB (Bonn), supraregional in galleries in M\u00fcnster (Spiekerhof), Rottach-Egern (Hyna) and Frankfurt (Conzen).<\/p>\n\n\nngg_shortcode_0_placeholder\n","protected":false},"excerpt":{"rendered":"<p>Petra&nbsp; Rintelen solo exhibition at janinebeangallery Salon, November 22nd 2021 \u2013 February 24th 2022 &nbsp; opening reception (2G) November 19th 6 &#8211; 9pm&nbsp; Uhr you may virtually visit the solo exhibition of Maxwell Dunlop as well as our Salon with paintings of Petra Rintelen as a Preview: &nbsp; Petra Rintelen was born in 1969 and &#8230; <a title=\"Petra Rintelen in the Salon\" class=\"read-more\" href=\"https:\/\/www.janinebeangallery.com\/en\/?page_id=15169\" aria-label=\"Read more about Petra Rintelen in the Salon\">Read more<\/a><\/p>\n","protected":false},"author":2,"featured_media":0,"parent":0,"menu_order":0,"comment_status":"closed","ping_status":"closed","template":"","meta":{"ngg_post_thumbnail":0,"footnotes":""},"class_list":["post-15169","page","type-page","status-publish"],"yoast_head":"<!-- This site is optimized with the Yoast SEO plugin v28.4 - https:\/\/yoast.com\/product\/yoast-seo-wordpress\/ -->\n<title>Petra Rintelen in the Salon - janinebeangallery<\/title>\n<meta name=\"robots\" content=\"index, follow, max-snippet:-1, max-image-preview:large, max-video-preview:-1\" \/>\n<link rel=\"canonical\" href=\"https:\/\/www.janinebeangallery.com\/en\/?page_id=15169\" \/>\n<meta property=\"og:locale\" content=\"en_US\" \/>\n<meta property=\"og:type\" content=\"article\" \/>\n<meta property=\"og:title\" content=\"Petra Rintelen in the Salon - janinebeangallery\" \/>\n<meta property=\"og:description\" content=\"Petra&nbsp; Rintelen solo exhibition at janinebeangallery Salon, November 22nd 2021 \u2013 February 24th 2022 &nbsp; opening reception (2G) November 19th 6 &#8211; 9pm&nbsp; Uhr you may virtually visit the solo exhibition of Maxwell Dunlop as well as our Salon with paintings of Petra Rintelen as a Preview: &nbsp; Petra Rintelen was born in 1969 and ... Read more\" \/>\n<meta property=\"og:url\" content=\"https:\/\/www.janinebeangallery.com\/en\/?page_id=15169\" \/>\n<meta property=\"og:site_name\" content=\"janinebeangallery\" \/>\n<meta property=\"article:modified_time\" content=\"2022-01-12T12:14:45+00:00\" \/>\n<meta name=\"twitter:card\" content=\"summary_large_image\" \/>\n<meta name=\"twitter:label1\" content=\"Est. reading time\" \/>\n\t<meta name=\"twitter:data1\" content=\"1 minute\" \/>\n<script type=\"application\/ld+json\" class=\"yoast-schema-graph\">{\"@context\":\"https:\\\/\\\/schema.org\",\"@graph\":[{\"@type\":\"WebPage\",\"@id\":\"https:\\\/\\\/www.janinebeangallery.com\\\/en\\\/?page_id=15169\",\"url\":\"https:\\\/\\\/www.janinebeangallery.com\\\/en\\\/?page_id=15169\",\"name\":\"Petra Rintelen in the Salon - janinebeangallery\",\"isPartOf\":{\"@id\":\"https:\\\/\\\/www.janinebeangallery.com\\\/en\\\/#website\"},\"datePublished\":\"2021-09-28T13:19:55+00:00\",\"dateModified\":\"2022-01-12T12:14:45+00:00\",\"breadcrumb\":{\"@id\":\"https:\\\/\\\/www.janinebeangallery.com\\\/en\\\/?page_id=15169#breadcrumb\"},\"inLanguage\":\"en-US\",\"potentialAction\":[{\"@type\":\"ReadAction\",\"target\":[\"https:\\\/\\\/www.janinebeangallery.com\\\/en\\\/?page_id=15169\"]}]},{\"@type\":\"BreadcrumbList\",\"@id\":\"https:\\\/\\\/www.janinebeangallery.com\\\/en\\\/?page_id=15169#breadcrumb\",\"itemListElement\":[{\"@type\":\"ListItem\",\"position\":1,\"name\":\"Home\",\"item\":\"https:\\\/\\\/www.janinebeangallery.com\\\/en\\\/\"},{\"@type\":\"ListItem\",\"position\":2,\"name\":\"Petra Rintelen in the Salon\"}]},{\"@type\":\"WebSite\",\"@id\":\"https:\\\/\\\/www.janinebeangallery.com\\\/en\\\/#website\",\"url\":\"https:\\\/\\\/www.janinebeangallery.com\\\/en\\\/\",\"name\":\"janinebeangallery\",\"description\":\"Contemporary Art Gallery in Berlin\",\"publisher\":{\"@id\":\"https:\\\/\\\/www.janinebeangallery.com\\\/en\\\/#organization\"},\"potentialAction\":[{\"@type\":\"SearchAction\",\"target\":{\"@type\":\"EntryPoint\",\"urlTemplate\":\"https:\\\/\\\/www.janinebeangallery.com\\\/en\\\/?s={search_term_string}\"},\"query-input\":{\"@type\":\"PropertyValueSpecification\",\"valueRequired\":true,\"valueName\":\"search_term_string\"}}],\"inLanguage\":\"en-US\"},{\"@type\":\"Organization\",\"@id\":\"https:\\\/\\\/www.janinebeangallery.com\\\/en\\\/#organization\",\"name\":\"janinebeangallery\",\"url\":\"https:\\\/\\\/www.janinebeangallery.com\\\/en\\\/\",\"logo\":{\"@type\":\"ImageObject\",\"inLanguage\":\"en-US\",\"@id\":\"https:\\\/\\\/www.janinebeangallery.com\\\/en\\\/#\\\/schema\\\/logo\\\/image\\\/\",\"url\":\"https:\\\/\\\/www.janinebeangallery.com\\\/en\\\/wp-content\\\/uploads\\\/2020\\\/09\\\/cropped-Logo_schwarz_groserer_hintergrund.jpg\",\"contentUrl\":\"https:\\\/\\\/www.janinebeangallery.com\\\/en\\\/wp-content\\\/uploads\\\/2020\\\/09\\\/cropped-Logo_schwarz_groserer_hintergrund.jpg\",\"width\":924,\"height\":1181,\"caption\":\"janinebeangallery\"},\"image\":{\"@id\":\"https:\\\/\\\/www.janinebeangallery.com\\\/en\\\/#\\\/schema\\\/logo\\\/image\\\/\"}}]}<\/script>\n<!-- \/ Yoast SEO plugin. -->","yoast_head_json":{"title":"Petra Rintelen in the Salon - janinebeangallery","robots":{"index":"index","follow":"follow","max-snippet":"max-snippet:-1","max-image-preview":"max-image-preview:large","max-video-preview":"max-video-preview:-1"},"canonical":"https:\/\/www.janinebeangallery.com\/en\/?page_id=15169","og_locale":"en_US","og_type":"article","og_title":"Petra Rintelen in the Salon - janinebeangallery","og_description":"Petra&nbsp; Rintelen solo exhibition at janinebeangallery Salon, November 22nd 2021 \u2013 February 24th 2022 &nbsp; opening reception (2G) November 19th 6 &#8211; 9pm&nbsp; Uhr you may virtually visit the solo exhibition of Maxwell Dunlop as well as our Salon with paintings of Petra Rintelen as a Preview: &nbsp; Petra Rintelen was born in 1969 and ... Read more","og_url":"https:\/\/www.janinebeangallery.com\/en\/?page_id=15169","og_site_name":"janinebeangallery","article_modified_time":"2022-01-12T12:14:45+00:00","twitter_card":"summary_large_image","twitter_misc":{"Est. reading time":"1 minute"},"schema":{"@context":"https:\/\/schema.org","@graph":[{"@type":"WebPage","@id":"https:\/\/www.janinebeangallery.com\/en\/?page_id=15169","url":"https:\/\/www.janinebeangallery.com\/en\/?page_id=15169","name":"Petra Rintelen in the Salon - janinebeangallery","isPartOf":{"@id":"https:\/\/www.janinebeangallery.com\/en\/#website"},"datePublished":"2021-09-28T13:19:55+00:00","dateModified":"2022-01-12T12:14:45+00:00","breadcrumb":{"@id":"https:\/\/www.janinebeangallery.com\/en\/?page_id=15169#breadcrumb"},"inLanguage":"en-US","potentialAction":[{"@type":"ReadAction","target":["https:\/\/www.janinebeangallery.com\/en\/?page_id=15169"]}]},{"@type":"BreadcrumbList","@id":"https:\/\/www.janinebeangallery.com\/en\/?page_id=15169#breadcrumb","itemListElement":[{"@type":"ListItem","position":1,"name":"Home","item":"https:\/\/www.janinebeangallery.com\/en\/"},{"@type":"ListItem","position":2,"name":"Petra Rintelen in the Salon"}]},{"@type":"WebSite","@id":"https:\/\/www.janinebeangallery.com\/en\/#website","url":"https:\/\/www.janinebeangallery.com\/en\/","name":"janinebeangallery","description":"Contemporary Art Gallery in Berlin","publisher":{"@id":"https:\/\/www.janinebeangallery.com\/en\/#organization"},"potentialAction":[{"@type":"SearchAction","target":{"@type":"EntryPoint","urlTemplate":"https:\/\/www.janinebeangallery.com\/en\/?s={search_term_string}"},"query-input":{"@type":"PropertyValueSpecification","valueRequired":true,"valueName":"search_term_string"}}],"inLanguage":"en-US"},{"@type":"Organization","@id":"https:\/\/www.janinebeangallery.com\/en\/#organization","name":"janinebeangallery","url":"https:\/\/www.janinebeangallery.com\/en\/","logo":{"@type":"ImageObject","inLanguage":"en-US","@id":"https:\/\/www.janinebeangallery.com\/en\/#\/schema\/logo\/image\/","url":"https:\/\/www.janinebeangallery.com\/en\/wp-content\/uploads\/2020\/09\/cropped-Logo_schwarz_groserer_hintergrund.jpg","contentUrl":"https:\/\/www.janinebeangallery.com\/en\/wp-content\/uploads\/2020\/09\/cropped-Logo_schwarz_groserer_hintergrund.jpg","width":924,"height":1181,"caption":"janinebeangallery"},"image":{"@id":"https:\/\/www.janinebeangallery.com\/en\/#\/schema\/logo\/image\/"}}]}},"_links":{"self":[{"href":"https:\/\/www.janinebeangallery.com\/en\/index.php?rest_route=\/wp\/v2\/pages\/15169","targetHints":{"allow":["GET"]}}],"collection":[{"href":"https:\/\/www.janinebeangallery.com\/en\/index.php?rest_route=\/wp\/v2\/pages"}],"about":[{"href":"https:\/\/www.janinebeangallery.com\/en\/index.php?rest_route=\/wp\/v2\/types\/page"}],"author":[{"embeddable":true,"href":"https:\/\/www.janinebeangallery.com\/en\/index.php?rest_route=\/wp\/v2\/users\/2"}],"replies":[{"embeddable":true,"href":"https:\/\/www.janinebeangallery.com\/en\/index.php?rest_route=%2Fwp%2Fv2%2Fcomments&post=15169"}],"version-history":[{"count":6,"href":"https:\/\/www.janinebeangallery.com\/en\/index.php?rest_route=\/wp\/v2\/pages\/15169\/revisions"}],"predecessor-version":[{"id":15370,"href":"https:\/\/www.janinebeangallery.com\/en\/index.php?rest_route=\/wp\/v2\/pages\/15169\/revisions\/15370"}],"wp:attachment":[{"href":"https:\/\/www.janinebeangallery.com\/en\/index.php?rest_route=%2Fwp%2Fv2%2Fmedia&parent=15169"}],"curies":[{"name":"wp","href":"https:\/\/api.w.org\/{rel}","templated":true}]}}

<p>Petra&nbsp; Rintelen</p>
<div class="entry-content">solo exhibition at janinebeangallery Salon, November 22nd 2021 – February 24th 2022
<p>&nbsp;</p>
<h4>opening reception (2G) November 19th 6 &#8211; 9pm&nbsp; Uhr</h4>
<h6>you may virtually visit the solo exhibition of Maxwell Dunlop as well as our Salon with paintings of Petra Rintelen as a Preview:</h6>
<p><iframe loading="lazy" src="https://janinebeangallery.com/video/Tour_Max-Petra/Tour_Max-Petra.html" allowfullscreen="allowfullscreen" width="853" height="480" frameborder="0"></iframe></p>
<p>&nbsp;</p>
</div>
<p>Petra Rintelen was born in 1969 and studied from 1993 to 1997 at the art academy in Enschede in the Netherlands.<br>She took part in exhibitions in the Netherlands until 1998, including the Noorderzon Performing Arts Festival in Groningen.<br>In the 2000s she showed her work at various exhibitions and Project participation in the Cologne-Bonn area, including with Circus Roncalli in Cologne, in the Uniclub Bonn, in Kurfürstlichen Gärtnerhaus (Bonn) and in the KHB (Bonn), supraregional in galleries in Münster (Spiekerhof), Rottach-Egern (Hyna) and Frankfurt (Conzen).</p>


ngg_shortcode_0_placeholder
